+ 527 = 0. What is the units digit of u?
4
Suppose -21*s = -14*s - 1288. What is the tens digit of s?
8
Let o(m) = m + 4 - 1 - 4*m + m**2. Let h be o(2). Let z(r) = 8*r**2 - 2*r + 1. What is the units digit of z(h)?
7
Suppose -3*v + p = -201, -4*v + 68 + 193 = p. Let i = v - 38. What is the tens digit of i?
2
Let p(z) be the first derivative of z**3/3 - z**2 - 15*z + 9. Let s be p(7). Suppose 12*r - s = 10*r. What is the units digit of r?
0
Let x(v) = v**2 - 9*v + 2. Let d be 400/(-140) + (-1)/7. What is the tens digit of x(d)?
3
Suppose -3*t = 4*v - 2, 0*v - 11 = -5*t + v. Suppose 0*b = -t*b - 24. What is the units digit of (b/7)/(14/(-49))?
6
What is the tens digit of 350 + 1 + 6/(-3)?
4
Suppose 3*r = 4*r + b - 3, 4*r - 3*b = -23. Let n be (78/3)/(r/(-12)). Suppose 0 = -5*g + 159 + n. What is the units digit of g?
3
Let b(z) = -155*z**3 - z**2 - 2*z. Let r be b(-1). Let v = r - 47. What is the units digit of v?
9
Let v be (26/(-3))/((-8)/(-12)). Let b(q) = -q**2 - 12*q + 13. Let x be b(v). Suppose x = l - 1 - 26. What is the tens digit of l?
2
Let c(d) = -6*d + 3 + 3 + 3 + d**2. Let o = -22 - -31. What is the tens digit of c(o)?
3
What is the tens digit of (170/(-136))/((-3)/540)?
2
Let c be (-10)/20 + (-42)/(-4). Suppose 6*f - c - 8 = 0. Let j = 33 - f. What is the units digit of j?
0
Let p be (-5)/(-10) + 87/2. Suppose 7*h = 9*h - p. What is the units digit of h?
2
Let w = 779 - 419. What is the hundreds digit of w?
3
Suppose 5*o - 2237 - 548 = 0. What is the hundreds digit of o?
5
Let r = 152 - -195. What is the tens digit of r?
4
Suppose -4*m + 23 = -21. Suppose 646 = m*h - 1400. What is the units digit of h?
6
Let q(g) = -g - 37. Let v(d) = d - 12. Let w be v(9). Let b(p) = -p - 36. Let r(y) = w*q(y) + 2*b(y). What is the tens digit of r(0)?
3
Let h(c) = 147*c + 524. What is the hundreds digit of h(9)?
8
Let p = -21 + 22. What is the tens digit of (-6 - -7)*42/p?
4
Suppose 0 = 2*m - 4*v - 4084, 21*m = 25*m + 5*v - 8181. What is the units digit of m?
4
Suppose -130*g + 634512 = 92152. What is the units digit of g?
2
Suppose -o + 6 = 3*v, v = -o - 3*v + 7. Suppose 0 = 5*b + 5*k - 6*k - 91, 2*b - o*k = 39. What is the tens digit of b?
1
Let j(l) be the third derivative of l**5/60 + l**4/6 + 8*l**3/3 - 17*l**2. What is the units digit of j(8)?
2
What is the units digit of 2842/42 - (-6)/(-9)?
7
Let x = 23 - 19. Suppose 194 = x*u - 2. What is the units digit of u?
9
Suppose 3*i + 2259 = 3*m, m + 237 = -2*i + 981. What is the units digit of m?
0
Let r(w) = 4*w**2 + 41*w - 277. What is the units digit of r(25)?
8
Suppose 18 = -3*n + 5*n + 4*p, 6 = 2*p. Let r(h) = 11*h + 2. What is the tens digit of r(n)?
3
Suppose 2*a = 207 + 49. Let u be 4/(-3)*(-9)/2. Suppose -u*c + 2*c = -a. What is the tens digit of c?
3
Suppose k + 4 - 6 = 0. Suppose -r - 1 = k. What is the units digit of -1*(-14 - r/(-3))?
5
Let h(u) = u**3 + 11*u**2 - u - 16. Let l be h(-11). What is the units digit of 35046/110 + (-2)/l?
9
Let q(w) = 19*w**2 - w - 3. Let x be (-9)/6 + (3 - (-28)/(-8)). What is the units digit of q(x)?
5
Let t be (8/(-2) + 9)/1. Suppose -d + t = -12. Suppose -d = -u + 6. What is the units digit of u?
3
Let d be (-7)/(-1) + (-8)/4. Suppose 3*p - 2 = -4*b, -d*p + 2 - 10 = b. What is the units digit of b?
2
Suppose -w - g + 1196 = -2*g, 5*g = w - 1208. What is the units digit of w?
3
Let c(u) = 5*u - 12. Suppose -4*g + g = -15. Let n be c(g). Let r = -12 + n. What is the units digit of r?
1
Suppose b + 2*w = 324, -5*b + 3*b + 628 = -w. What is the units digit of b?
6
Suppose 3*r + 770 = 2*i - 3651, -5*i = 5*r - 10990. What is the tens digit of i?
0
Suppose g + 3*g + 4 = 0. Let a be 14/4 + g/(-2). What is the tens digit of (-15)/1*a/(-6)?
1
Let y = -18 - -24. Suppose -c = -28 + y. What is the tens digit of c?
2
Let r = -31 + 18. Let m = 7 - r. What is the tens digit of m?
2
Let j(h) = -h**2 + 6*h + 303. Let u be j(0). Let g = u - 115. What is the hundreds digit of g?
1
Let q = -2243 - -4116. What is the thousands digit of q?
1
Let b(q) = 34*q - 11. What is the tens digit of b(16)?
3
What is the units digit of (-41690)/40*(-3 - -2)*4?
9
What is the tens digit of (-20612)/(-6)*(9/6 + 0)?
5
Let v(f) = 4*f**2 + 39*f + 13. What is the hundreds digit of v(-16)?
4
Suppose -10*t + 8*t - 4 = 0. Let c = t - -13. Let h(l) = -l**2 + 16*l - 10. What is the units digit of h(c)?
5
Let h(c) be the second derivative of 5*c**3/6 - 6*c**2 - 8*c. Let a be h(7). Let b = 92 - a. What is the tens digit of b?
6
Suppose 2*c - 1 = 7. Let h = c - 12. What is the units digit of h - -19 - (-3 - -1)?
3
Let h = -68 - -66. Suppose -3*n = -2*j - 324, -4*n + 2*n + 2*j = -218. What is the tens digit of 0 - 3 - n/h?
5
Suppose -888 + 248 = 4*v. Let m = 227 + v. What is the units digit of m?
7
Let c = -9 + 14. Suppose -w - 8 = -c*w. Suppose -15 = -w*r + r. What is the tens digit of r?
1
Suppose 0 = -2*r - 6*g + 5*g + 6512, 3*g = 3*r - 9777. What is the hundreds digit of r?
2
Suppose -5*z = d + 3, -d - d + 8 = 3*z. Suppose -15 = -2*l + d. What is the units digit of l?
1
Suppose -4*b + 4*f = -32, -4*b + 2*f - 12 + 40 = 0. Let z(x) = 19*x + 6. What is the hundreds digit of z(b)?
1
Let f = -3 - 7. Let v be f*(-2 + (-4)/(-5)). Suppose o + 39 = s - v, 0 = 5*s + o - 285. What is the tens digit of s?
5
Suppose 3*v - 10 = -2*a, 4*a - 3*v - 3 = 17. Suppose -3*q + 2*q = 5*b - 6, 4*q = -a*b + 99. What is the tens digit of q?
3
Suppose 10*a - g = 5*a + 2576, -2*a + 1033 = -3*g. What is the hundreds digit of a?
5
Suppose 0 = 2*d + 3*x - 585, 0 = -d - 4*x + 9*x + 260. What is the hundreds digit of d?
2
Let p(o) = -o**3 - 1. Let k be p(-1). Suppose k = 7*x - 5*x - 60. What is the units digit of x?
0
Let c(w) = -w**2 + 41*w + 76. What is the units digit of c(39)?
4
Let q be (-888)/(-44) + 12/(-66). Let z = q + -8. What is the units digit of z?
2
Let x(h) = 5*h**2 - 3*h - 1. Let g(u) = 4*u**2 - 2*u - 1. Let k(a) = -6*g(a) + 5*x(a). Let d be (4/84*7)/(1/12). What is the units digit of k(d)?
5
Let l(g) = 210*g**2 - 8*g - 9. What is the units digit of l(-1)?
9
Suppose 25*r - 21*r = 144. Let n = r - 10. What is the units digit of n?
6
Suppose 2965 + 16455 = 20*c. What is the units digit of c?
1
Let h(s) = 27*s - 183. What is the tens digit of h(32)?
8
Suppose 3472 = 2*n + 4*u, -u = 5*n - 4*u - 8667. Suppose -8*d = -354 - n. What is the units digit of d?
1
Let i(k) = -k**3 - k. Let h(a) = a**3 - 9*a**2 + 12*a - 2. Let p(v) = -h(v) - 2*i(v). Let f be p(-10). What is the units digit of ((-17)/34)/(f/(-8))?
2
What is the tens digit of (0/(-2) + 6)*(-10680)/(-90)?
1
Let u be 0 - -2 - (0 - 0). Suppose -28*k = -32*k + 104. What is the tens digit of u*4/(-8) + k?
2
Let h = 9 - 6. Let n be (-4 + 1 + h)/1. Suppose -3*z - z + 128 = n. What is the tens digit of z?
3
Let r = 10 - 10. Suppose 4 - 1 = -3*b, r = n - 5*b - 19. What is the tens digit of n?
1
Let i = -6 - -8. Suppose -2*t - i*s + 212 = -4*s, -t - 4*s = -91. What is the units digit of t?
3
Let g = 338 - 335. Suppose 2*a - 2*p - 13 + 1 = 0, -3*a + 14 = p. Suppose a*c = -g*t + 101, -4*c + 4*t = -2*c - 56. What is the units digit of c?
2
Let h = 14 - 3. Let f be -3 - (-2 + h)/(-3). Suppose f*g + g = 24. What is the tens digit of g?
2
Suppose 4*n - 6 = 2*p + 12, -5*p = -5. Suppose -6*j - 217 = -3*o - 2*j, -2*j = n*o - 327. What is the tens digit of o?
6
Suppose -16 = q + 3*b, 9 = -3*q - 5*b - 51. Let w = 22 + q. Let i(x) = x + 5. What is the units digit of i(w)?
2
Let v(g) = g**3 - 6*g**2 + 3*g. Let s be v(5). What is the units digit of 2*-204*s/20?
4
Suppose 10*f - 499 = 221. What is the units digit of f?
2
Let l(w) = -98*w - 157. What is the units digit of l(-7)?
9
Let s(q) = -q**3 - 5*q**2 + 5*q - 5. Suppose 4*i + 4*r + 16 = 0, r - 2*r = -1. Let n be s(i). Let y = -13 - n. What is the tens digit of y?
1
Let g(w) = w**2 + 6*w - 10. Let f = 11 - 21. What is the units digit of g(f)?
0
Suppose -3*i - 3 = -2*i. What is the tens digit of i/(1 + 20/(-17))?
1
Suppose -r + 470 = 2*o, 1281 + 1057 = 5*r + 4*o. What is the hundreds digit of r?
4
Let t = -24 - -27. Suppose 2*m - t*m - 1 = 0. Let a = m - -8. What is the units digit of a?
7
Suppose 104 = 9*b - 112. Suppose 4*y = b + 64. What is the tens digit of y?
2
Suppose 0 = -o - 3*w + 5566, 3*w + 5242 = o - 354. What is the 